r of 5 and 215065.
5
What is the greatest common factor of 13050 and 406?
58
Calculate the greatest common divisor of 108 and 89370.
54
Calculate the greatest common divisor of 248520 and 19.
19
What is the highest common divisor of 1887 and 599437?
629
What is the highest common factor of 77368 and 190?
38
What is the greatest common divisor of 1 and 3323?
1
What is the highest common divisor of 5425 and 201593?
217
Calculate the greatest common factor of 28706640 and 240.
240
What is the greatest common divisor of 97 and 285083?
97
What is the highest common factor of 112847 and 1974?
329
What is the highest common factor of 366818 and 370?
74
What is the greatest common factor of 99 and 60874?
11
Calculate the highest common divisor of 1842 and 102.
6
Calculate the greatest common divisor of 1691 and 209.
19
What is the highest common factor of 4600 and 8096?
184
What is the highest common factor of 2263 and 3?
1
Calculate the greatest common divisor of 77044 and 204.
68
What is the greatest common factor of 2468 and 14191?
617
What is the greatest common factor of 612 and 6052?
68
What is the highest common divisor of 249 and 9462?
249
Calculate the highest common factor of 1079 and 9671077.
1079
What is the highest common factor of 2883865 and 365?
365
Calculate the greatest common factor of 551 and 1083817.
551
Calculate the highest common factor of 116 and 1490948.
116
Calculate the greatest common factor of 39693 and 43127.
101
What is the highest common factor of 649373 and 2582?
1291
What is the greatest common divisor of 32172 and 9534?
42
Calculate the greatest common factor of 1275 and 1185.
15
Calculate the greatest common divisor of 183032 and 4676.
668
Calculate the greatest common divisor of 18018 and 22737.
429
Calculate the greatest common divisor of 89683 and 31.
31
What is the highest common factor of 14465 and 55220?
55
Calculate the greatest common factor of 273070 and 498.
166
Calculate the highest common divisor of 450 and 138450.
150
Calculate the highest common factor of 24040 and 12.
4
Calculate the highest common factor of 793416 and 120.
24
Calculate the greatest common divisor of 11970 and 3570.
210
What is the highest common factor of 2289 and 15855?
21
Calculate the greatest common factor of 76538 and 4851.
539
Calculate the greatest common divisor of 30 and 598470.
30
Calculate the greatest common factor of 167994 and 1156.
34
Calculate the greatest common factor of 92 and 1983014.
46
Calculate the greatest common divisor of 297999 and 3159.
1053
What is the greatest common divisor of 340557 and 21?
21
Calculate the highest common factor of 9724 and 66.
22
Calculate the highest common divisor of 1775 and 2125.
25
What is the greatest common factor of 75966 and 198?
66
What is the highest common divisor of 4984 and 448?
56
What is the greatest common factor of 2079 and 18900?
189
What is the greatest common factor of 235855 and 1720?
215
Calculate the highest common divisor of 522457 and 104.
13
What is the greatest common factor of 225 and 270990?
45
What is the highest common factor of 15004 and 6534?
242
Calculate the greatest common factor of 95444 and 49952.
892
What is the highest common factor of 975 and 445?
5
Calculate the greatest common divisor of 186772 and 2491.
53
What is the greatest common factor of 341 and 3441?
31
Calculate the highest common divisor of 1896 and 149676.
12
What is the greatest common divisor of 6669 and 245214?
513
What is the highest common divisor of 4148 and 67588?
244
What is the greatest common divisor of 220 and 10460?
20
Calculate the greatest common divisor of 762067 and 123.
41
Calculate the highest common factor of 75323 and 8.
1
What is the highest common divisor of 392 and 107947?
49
Calculate the highest common divisor of 691612 and 3268.
172
What is the highest common factor of 7961 and 304?
19
Calculate the greatest common divisor of 440496 and 483.
483
Calculate the greatest common factor of 82 and 1147754.
82
What is the greatest common divisor of 285724 and 61?
61
What is the greatest common factor of 180 and 12519?
9
Calculate the greatest common factor of 825 and 3993.
33
Calculate the greatest common divisor of 847076 and 153.
17
Calculate the highest common factor of 471 and 108.
3
What is the highest common divisor of 336 and 135856?
112
What is the highest common divisor of 205814 and 976?
122
What is the highest common factor of 1443670 and 62?
62
Calculate the greatest common divisor of 2736 and 1977444.
684
What is the highest common factor of 9 and 12690?
9
What is the highest common factor of 71015 and 105?
35
Calculate the greatest common factor of 134007 and 38.
19
What is the highest common factor of 2496 and 10140?
156
What is the greatest common divisor of 4519900 and 44?
44
What is the highest common divisor of 364 and 23044?
28
What is the greatest common divisor of 18 and 7455699?
9
Calculate the highest common factor of 10 and 693980.
10
Calculate the greatest common divisor of 25 and 537175.
25
What is the highest common factor of 8591 and 6674?
71
Calculate the highest common divisor of 410 and 20090.
410
What is the highest common divisor of 224 and 372848?
112
What is the highest common divisor of 162620 and 10?
10
Calculate the greatest common divisor of 108 and 73980.
108
What is the highest common factor of 335 and 8576?
67
Calculate the highest common divisor of 34 and 192746.
34
What is the highest common factor of 166929 and 84?
21
Calculate the highest common divisor of 30 and 9245.
5
Calculate the greatest common divisor of 4 and 80516.
4
Calculate the highest common divisor of 12882 and 4902.
114
Calculate the greatest common divisor of 3764 and 2.
2
Calculate the greatest common factor of 338 and 7046.
26
Calculate the highest common divisor of 13113862 and 838.
838
Calculate the greatest common factor of 667291 and 683.
683
Calculate the highest common factor of 6490 and 2006.
118
Calculate the greatest common factor of 1744 and 87152.
16
What is the highest common factor of 1224 and 371484?
612
Calculate the greatest common factor of 155218 and 154.
14
Calculate the highest common factor of 225920 and 10.
10
Calculate the highest common factor of 1253106 and 8514.
774
Calculate the highest common factor of 30 and 225174.
6
What is the greatest common divisor of 5449448 and 290?
58
What is the greatest common factor of 14240 and 27145?
445
What is the greatest common divisor of 594491 and 2546?
1273
Calculate the highest common divisor of 2352 and 85750.
98
Calculate the greatest common divisor of 3549008 and 32.
16
Calculate the highest common factor of 282891 and 114.
57
What is the greatest common factor of 3192 and 11662?
14
Calculate the greatest common factor of 89 and 148.
1
Calculate the greatest common factor of 5479218 and 54.
54
Calculate the highest common factor of 12885 and 255.
15
What is the greatest common divisor of 64 and 4?
4
Calculate the highest common divisor of 1344880 and 40.
40
Calculate the highest common factor of 123 and 38458.
41
What is the greatest common factor of 1582181 and 716?
179
Calculate the greatest common factor of 362518 and 6.
2
Calculate the highest common factor of 12530 and 86590.
70
Calculate the greatest common divisor of 865623 and 33.
33
What is the highest common factor of 70595 and 35?
35
What is the highest common factor of 424 and 1736704?
424
What is the highest common factor of 549 and 2259?
9
Calculate the greatest common factor of 92 and 170614.
46
What is the greatest common divisor of 98 and 105742?
98
What is the greatest common factor of 166 and 68807?
83
What is the greatest common divisor of 20503 and 203?
203
What is the highest common divisor of 374 and 8965?
11
Calculate the greatest common divisor of 40 and 105880.
40
Calculate the greatest common divisor of 543 and 340280.
181
Calculate the greatest common divisor of 18 and 33120.
18
What is the highest common divisor of 20 and 1062175?
5
Calculate the greatest common factor of 799448 and 8.
8
Calculate the greatest common divisor of 323 and 2.
1
Calculate the highest common factor of 9755 and 2.
1
What is the highest common divisor of 3920 and 554960?
560
Calculate the highest common divisor of 260 a